en 4318087 is divided by 50?
37
What is the remainder when 59530183 is divided by 47?
30
Calculate the remainder when 2507831 is divided by 35.
11
Calculate the remainder when 79533 is divided by 3678.
2295
Calculate the remainder when 6232693 is divided by 37.
6
Calculate the remainder when 24462010 is divided by 4892398.
20
Calculate the remainder when 1348587 is divided by 2031.
3
What is the remainder when 4097437 is divided by 503?
502
Calculate the remainder when 194671 is divided by 97105.
461
What is the remainder when 91923 is divided by 2418?
39
Calculate the remainder when 1111164 is divided by 370384.
12
What is the remainder when 4208753 is divided by 1052187?
5
What is the remainder when 401680 is divided by 5023?
4863
What is the remainder when 44878 is divided by 1321?
1285
Calculate the remainder when 22935808 is divided by 3822609.
154
What is the remainder when 51257340 is divided by 4096?
4092
Calculate the remainder when 1538021 is divided by 128164.
53
Calculate the remainder when 1093645 is divided by 95.
5
What is the remainder when 50551398 is divided by 100?
98
Calculate the remainder when 44861 is divided by 36978.
7883
Calculate the remainder when 345559 is divided by 1509.
1507
What is the remainder when 5316699 is divided by 1329173?
7
Calculate the remainder when 66172 is divided by 62516.
3656
Calculate the remainder when 182238 is divided by 1648.
958
What is the remainder when 21311076 is divided by 4092?
4032
Calculate the remainder when 51287 is divided by 12464.
1431
What is the remainder when 1308109 is divided by 28352?
3917
Calculate the remainder when 27914652 is divided by 64468.
8
Calculate the remainder when 14172 is divided by 1652.
956
What is the remainder when 1605984 is divided by 124?
60
Calculate the remainder when 195475604 is divided by 10.
4
Calculate the remainder when 467025436 is divided by 4024.
4020
Calculate the remainder when 7794111 is divided by 338874.
9
Calculate the remainder when 18681 is divided by 4290.
1521
What is the remainder when 192294 is divided by 6306?
3114
Calculate the remainder when 296479 is divided by 74118.
7
What is the remainder when 64532054 is divided by 102?
20
What is the remainder when 31244386 is divided by 3?
1
What is the remainder when 106442 is divided by 32202?
9836
What is the remainder when 10239222 is divided by 262541?
123
What is the remainder when 55573 is divided by 715?
518
Calculate the remainder when 3142996 is divided by 168.
52
Calculate the remainder when 23926197 is divided by 462.
141
What is the remainder when 28464077 is divided by 13?
5
Calculate the remainder when 1314534 is divided by 3995.
179
Calculate the remainder when 30161 is divided by 1481.
541
Calculate the remainder when 208710 is divided by 168.
54
What is the remainder when 1181349 is divided by 5707?
0
What is the remainder when 1544248 is divided by 8075?
1923
What is the remainder when 38138 is divided by 11820?
2678
What is the remainder when 4631986 is divided by 46?
16
Calculate the remainder when 2932594 is divided by 239.
64
Calculate the remainder when 318272130 is divided by 24.
18
Calculate the remainder when 1056391 is divided by 1379.
77
What is the remainder when 19481133 is divided by 1384?
1333
What is the remainder when 1437542 is divided by 3917?
3
What is the remainder when 6213892 is divided by 1403?
5
Calculate the remainder when 139645230 is divided by 28.
18
Calculate the remainder when 1957002 is divided by 293.
55
Calculate the remainder when 2834879 is divided by 15.
14
What is the remainder when 640932 is divided by 33733?
5
What is the remainder when 955440 is divided by 955406?
34
What is the remainder when 70202 is divided by 69695?
507
Calculate the remainder when 509215 is divided by 328.
159
What is the remainder when 44510242 is divided by 1943?
1941
What is the remainder when 1185895 is divided by 829?
425
What is the remainder when 36467283 is divided by 483?
300
What is the remainder when 2372154 is divided by 69769?
8
Calculate the remainder when 1570555 is divided by 3272.
3267
What is the remainder when 17799063 is divided by 31?
10
Calculate the remainder when 2723153 is divided by 247551.
92
Calculate the remainder when 261175179 is divided by 1003.
1000
What is the remainder when 1808978 is divided by 432?
194
What is the remainder when 13790353 is divided by 922?
921
Calculate the remainder when 147866 is divided by 32.
26
What is the remainder when 1261236 is divided by 27418?
8
Calculate the remainder when 6316548 is divided by 5.
3
Calculate the remainder when 197205 is divided by 53.
45
Calculate the remainder when 2385316 is divided by 2874.
2770
Calculate the remainder when 1093150 is divided by 364176.
622
Calculate the remainder when 7779978 is divided by 236.
2
Calculate the remainder when 1121568 is divided by 560778.
12
Calculate the remainder when 127736 is divided by 127527.
209
What is the remainder when 31083 is divided by 9614?
2241
What is the remainder when 30908037 is divided by 834?
831
Calculate the remainder when 13699524 is divided by 1957069.
41
What is the remainder when 762877669 is divided by 3079?
3076
What is the remainder when 77041932 is divided by 93?
81
Calculate the remainder when 16633 is divided by 3346.
3249
What is the remainder when 45182 is divided by 3432?
566
What is the remainder when 2816865 is divided by 4255?
55
What is the remainder when 198431 is divided by 451?
442
Calculate the remainder when 766572 is divided by 214.
24
What is the remainder when 4909180 is divided by 16?
12
Calculate the remainder when 43845911 is divided by 5742.
5741
Calculate the remainder when 2977410 is divided by 496234.
6
What is the remainder when 5171 is divided by 42?
5
What is the remainder when 867391 is divided by 3676?
3531
What is the remainder when 1706722 is divided by 2144?
98
Calculate the remainder when 121187022 is divided by 111.
108
Calculate the remainder when 6633658 is divided by 1668.
22
Calculate the remainder when 134974 is divided by 458.
322
What is the remainder when 29820 is divided by 2315?
2040
What is the remainder when 2841155 is divided by 166?
65
What is the remainder when 574779 is divided by 114907?
244
What is the remainder when 11955605 is divided by 1992597?
23
Calculate the remainder when 1136579 is divided by 221.
197
Calculate the remainder when 37573465 is divided by 37573455.
10
Calculate the remainder when 3105113 is divided by 1034921.
350
Calculate the remainder when 4416499 is divided by 500.
499
Calculate the remainder when 40952 is divided by 9655.
2332
Calculate the remainder when 1710392 is divided by 244340.
12
What is the remainder when 126592 is divided by 541?
539
Calculate the remainder when 90905 is divided by 79.
55
What is the remainder when 100558325 is divided by 126?
119
What is the remainder when 5174009 is divided by 1201?
101
What is the remainder when 6705771 is divided by 32395?
6
What is the remainder when 3928935 is divided by 652?
635
Calculate the remainder when 2174923 is divided by 18589.
10
Calculate the remainder when 181579 is divided by 30187.
457
Calculate the remainder when 1667003 is divided by 85.
68
What is the remainder when 1844235 is divided by 23?
3
What is the remainder when 203774325 is divided by 1301?
1297
What is the remainder when 306742 is divided by 135?
22
Calculate the remainder when 13190347 is divided by 84.
79
What is the remainder when 4234738 is divided by 148?
14
What is the remainder when 114446 is divided by 33?
2
Calculate the remainder when 92686 is divided by 14815.
3796
What is the remainder when 826080 is divided by 256?
224
Calculate the remainder when 3013242 is divided by 57.
51
Calculate the remainder when 2752537 is divided by 11867.
11260
What is the remainder when 63505767 is divided by 85?
57
Calculate the remainder when 554211 is divided by 392.
315
What is the remainder when 767364 is divided by 338?
104
What is the remainder when 89514 is divided by 5260?
94
What is the remainder when 1407520 is divided by 234582?
28
Calculate the remainder when 1154281 is divided by 2363.
1137
Calculate the remainder when 89242 is divided by 17240.
3042
Calculate the remainder when 3607979 is 